 - 7, 2*s = -3*t + 6*t + 12. What is the units digit of s?
3
Let z = -3 + 47. What is the tens digit of z?
4
Suppose c = 12 - 5. Let f = c - 3. What is the units digit of f?
4
Let r(q) = 2*q**2 + 25*q - 27. What is the units digit of r(-14)?
5
Let f(l) = -l**2 - 5*l - 2. Let y be f(-6). What is the units digit of (y - (-12)/4)*-1?
5
Let p be 3*-1*(-5)/(-3). Let s be ((-8)/20)/((-1)/p). Let v = s - -7. What is the units digit of v?
5
Let d = -36 - -24. What is the tens digit of (-603)/d - (-5)/(-20)?
5
Let r be (-3 - (-24)/9)*-12. Suppose v - 120 = -r*v + 3*y, 2*y = 4*v - 94. What is the tens digit of v?
2
Suppose -p - 4*n + 127 = 0, 0*p + 564 = 4*p + 2*n. What is the tens digit of p?
4
Let t = 9 + -9. What is the units digit of (t + 1)/(10/350)?
5
Let c(s) be the third derivative of -s**4/24 + 2*s**3/3 - s**2. Let m be c(2). What is the units digit of -1 + 0 + 0 + m?
1
Let m(j) = 55*j**3 - j. Let l be m(-1). What is the units digit of ((-8)/(-12))/((-4)/l)?
9
Let t = -2 - -8. What is the units digit of t/(2*9/12)?
4
Suppose 4*o = 3*o + 3. Let q(v) = -v + 7. Let w be q(5). Let r = o - w. What is the units digit of r?
1
Suppose 2*i = -3*i - 3*p + 170, -i + 34 = -5*p. What is the tens digit of i?
3
Let k = -3 - -5. Suppose -2*y + 88 = k*y. Let d = -16 + y. What is the units digit of d?
6
Let w(o) = o**3 + 14*o**2 + 15*o - 16. What is the tens digit of w(-12)?
9
Let u(r) = -8*r + 14. Let c = -12 + 17. Let v(p) = 7*p - 14. Let w(i) = c*u(i) + 6*v(i). What is the units digit of w(11)?
8
Suppose 2 = 2*s + 2*g - 40, 4*g - 102 = -5*s. What is the tens digit of s?
1
Let d = 17 - 17. Suppose d = -4*t + 5 + 35. What is the tens digit of t?
1
Let x be (-106)/(-22) + 16/88. Suppose -10*s + 220 = -x*s. What is the units digit of s?
4
Suppose 4*y - 57 = -21. Suppose y + 27 = 4*t. What is the units digit of t?
9
Let p be (3/(-4))/(5/40). Let h = p + 0. Let x = h + 7. What is the units digit of x?
1
Suppose -3*w + 36 = w. Suppose 0 = 3*b - 2*b - w. What is the units digit of b?
9
Let o = 6 + -4. Suppose 0 = -o*a - a. Suppose 4*c + a*c = 28. What is the units digit of c?
7
Let i(u) = -u**2 + 4*u - 6. Let k be i(4). Let p = k + 2. What is the units digit of (p/6)/((-4)/48)?
8
Let k = 5 + -4. Let r be k*(9 + -2 - 3). Suppose 0*i - 4*g = 4*i - 56, r*i + g = 47. What is the units digit of i?
1
Let t = -6 + 10. Suppose 0 = -n - 5*q + 9, t*n - 17 = -q. Let s = n + -2. What is the units digit of s?
2
Let d = 12 + -4. Let g = 27 + d. What is the tens digit of g?
3
Suppose 5*j - 70 = 5*d, -2*d = 5*j + 2*d - 70. Suppose -3*k - 12 = 0, 0 = -2*h - 8*k + 3*k - j. What is the units digit of h?
3
Suppose 17 = u - 5*y, -u - 4*u + 2*y = -16. What is the units digit of (1 + u + -2)*21?
1
Suppose 3*i = 5*r + 17, 4 = -3*i - 5*r + 11. Suppose -m - i = 3*m + 2*d, 0 = 3*m - 4*d + 14. Let u = 3 + m. What is the units digit of u?
1
Let z(y) = y**3 + 8*y**2 + 7*y + 1. What is the units digit of z(-7)?
1
Let h = -13 - -2. Let r = -5 - h. What is the units digit of r?
6
Suppose 0 = -2*c - 3*c - 35. Let b(l) = -l - 25. Let x be b(-11). Let u = c - x. What is the units digit of u?
7
Suppose 2*y - 19 = 13. What is the tens digit of y?
1
Let w(m) = -m**2 - 5*m + 2. Let x(q) = -q**2 - q + 1. Let y(h) = w(h) - 3*x(h). What is the tens digit of y(3)?
1
Let l = -13 - -32. What is the tens digit of l?
1
Let s(v) = -v**3 - v + 2. Let k be s(0). Let q = k - 2. Suppose q = -5*p + 25. What is the units digit of p?
5
Let i(c) = c**2 - 4*c. Let n be i(4). Suppose -v = -n*v. Suppose l - 8 - 12 = v. What is the units digit of l?
0
Let v be 5 + -4 - (-2)/(-2). Suppose -2*h + v*h - l + 48 = 0, l - 2 = 0. What is the units digit of h?
3
Let g be 0/7*(-1 - -2). What is the units digit of 1*(-1 + 8) - g?
7
Suppose 0*b = 5*b - 15. Let s = -3 + b. Suppose s = h - z + 3, 3*h + 4*z = -3 + 22. What is the units digit of h?
1
Let r be (2/4)/(1 + 15/(-14)). Suppose 0 = -4*k - 2 - 22. Let v = k - r. What is the units digit of v?
1
Suppose -5*s - 15 = -3*d - 2*d, -2*d + 6 = 5*s. Suppose 4*b + 3*v + 13 - 98 = s, 3*b - v = 80. What is the units digit of b?
5
Let d = 4 + -7. Let v = 3 - d. What is the units digit of ((-3)/v - 0)*-2?
1
Suppose 5*m + 18 = 8*m. What is the units digit of m?
6
Let h(a) = 3*a + 5. Let d be h(-4). Let y(o) be the third derivative of -o**5/60 - o**4/3 - 5*o**3/6 - 5*o**2. What is the units digit of y(d)?
2
Let j(s) = -s - 8. Let w be j(-11). Let n = w + 2. Suppose 8 = 3*l + 2*m - 4, -n*l + 5*m - 5 = 0. What is the units digit of l?
2
Let o = 47 - 27. Suppose 2*k - 7 = -q + 6, -o = -5*q - k. Suppose -z - 2*z + q = -3*h, -4 = -4*z - h. What is the units digit of z?
1
Suppose -v + 0*s - 22 = -4*s, -s + 163 = -4*v. What is the units digit of (-24)/v*119/2?
4
What is the tens digit of (-1 - 4)*-10 - (-6)/(-2)?
4
Suppose -197 = -2*v - 5*w, -7*w - 15 = -2*w. What is the hundreds digit of v?
1
Suppose -4*l + 44 + 45 = 5*f, f - 21 = -l. What is the units digit of l?
6
Let t = -272 - -411. Suppose -3*w = -3*f + 56 + t, -2*f = 5*w - 102. What is the units digit of f?
1
Let z = -33 + 74. Suppose -z = -4*d + v, -4*d - 5*v + 0*v + 35 = 0. Suppose -2*f = -d - 8. What is the units digit of f?
9
Let v = 186 - 113. What is the units digit of v?
3
Let w(q) = -2*q**2 - 1. Let b be w(-1). Let l(a) = -2*a - 3. Let r be l(b). Let z = r + -2. What is the units digit of z?
1
Suppose -3*d = 3*h - 60, 0*h = -2*h + 3*d + 35. What is the units digit of h?
9
Suppose 2*p = 5*y - 37, 4*y + 3*p + 10 - 35 = 0. Let q = y - 3. What is the units digit of ((-3)/q)/(6/(-72))?
9
What is the units digit of (3 + 1 - 2) + 23?
5
Suppose 2*m = -3*m + 95. Let c = -9 + m. What is the units digit of c?
0
Let u be 2 - (-4*3)/(-3). Let i(g) be the second derivative of -g**3/6 - g**2/2 + g. What is the units digit of i(u)?
1
Let m = 3 - 5. Let j(g) = -53*g - 26. Let f(l) = 18*l + 9. Let a(y) = 17*f(y) + 6*j(y). What is the units digit of a(m)?
1
Let n = 6 - 3. What is the tens digit of 0/n - (-12)/1?
1
Let p(n) = -n**2 + 21*n. What is the tens digit of p(9)?
0
Let r be 34/(-6) - 2/6. Let n = r + 8. Suppose 0*h = -2*h + 5*g + 21, -2*h + n*g = -12. What is the units digit of h?
3
Let t(a) = 8*a**2 + a - 9. What is the units digit of t(2)?
5
Let m = -9 + 13. Suppose -2*w - 10 = -m*w. What is the units digit of w?
5
Let c be 0*(1/(-2) - 0). Suppose 2*v - 7*v - 55 = c. Let m = v - -23. What is the tens digit of m?
1
Let r(v) = v - 3. Let i(k) = 2*k - 4. Let n(f) = 2*i(f) - 3*r(f). What is the units digit of n(0)?
1
Suppose 0 = z - 0 - 11. Let i = z - -18. Suppose 0 = -3*u - 15, i = 3*q - 3*u + 2. What is the units digit of q?
4
Let v(j) = 2 + j - 2 + 2. Let c be v(-2). Let s = c + 1. What is the units digit of s?
1
Let b = 435 - 225. What is the hundreds digit of b?
2
Let y(g) = g. Let a be y(5). Let l(i) = i**2 - 6*i + 6. Let v be l(a). Suppose 0 = -n + 2 + v. What is the units digit of n?
3
Suppose v = -v + 36. Suppose -4*p + y + 3 = -7, 3*p = y + 7. Suppose -51 = -p*f - v. What is the tens digit of f?
1
Let s = 102 + -37. Suppose -r - 5*h = 7, 0*r + 5*h - s = -5*r. What is the tens digit of r?
1
Let n(o) be the third derivative of -o**6/120 + 2*o**5/15 - o**4/8 - 5*o**3/6 + 4*o**2. What is the tens digit of n(7)?
2
Let f(m) = 2*m**2 + 5*m - 6. What is the tens digit of f(-6)?
3
Suppose -k = 4*s - 2*k + 26, -16 = s - 5*k. Let j = s + 17. What is the units digit of j?
1
Suppose -3*w + 2*d + 24 + 114 = 0, 2*w = d + 93. Let s be (-2)/5 - w/(-20). Suppose z - p = -2*p - 1, s*z + 5*p = -17. What is the units digit of z?
4
Let n(f) = 7*f - 34. What is the units digit of n(15)?
1
Let d be 0 + 1 + 5 + -1. Suppose 0 = -d*m + r + 2*r + 16, 21 = 3*m + 2*r. What is the units digit of m?
5
Suppose 6*l + 10 = -2*r + l, -5*r - 5*l = 25. Let s be r/2 + 1/2. Let x = -1 - s. What is the units digit of x?
1
Let x = 15 + 0. Suppose 4*m - x = u, u = 3*m - 9 - 4. What is the units digit of 0 + (1 - (u + 1))?
7
Let f(g) = g**3 + 11*g**2 + 10*g - 18. What is the tens digit of f(-8)?
9
Suppose c - 5*q = 12, -3*c - q = 2*q. Suppose -v + c*v - 9 = -2*r, 4*r = v + 33. Suppose -3*m = -5 - r. What is the units digit of m?
4
Let p be 3/6*-6 - -14. Suppose 5*q = -0*q - 3*c - 5, 2*q + 3*c + p = 0. What is the units digit of q?
2
Let g(m) = -m**2 - 7*m - 5. Let c be g(-5). Supp